 + 2*c. What is the remainder when a is divided by g?
9
Calculate the remainder when 327 is divided by -5*(-15)/(-25) - (-83 - 2).
81
Let k = 875 - 587. What is the remainder when k is divided by 58?
56
Let u(s) = 45*s**2 + s - 4. Let w be u(2). Suppose 3*g = z + 281, 3*g - g - w = 3*z. Calculate the remainder when g is divided by 49.
46
Suppose -4 = -2*a - 44. Let u = 47 + a. What is the remainder when u is divided by 7?
6
Let b(l) = -2*l + 4. Let w be b(0). Suppose -5*i + 24 = w. Let x(h) = -16*h**3 - 2*h**2 - h. What is the remainder when x(-1) is divided by i?
3
Let w(r) = -2*r**2 - 19*r + 9. Suppose 0 = 4*m + 21 + 3. Calculate the remainder when w(m) is divided by 23.
5
Suppose 18*b - 15 = -p + 16*b, 0 = -4*p + 2*b + 70. Calculate the remainder when p is divided by 17.
0
Suppose -6*j + 7*j = -3*a + 25, j = -4*a + 35. Calculate the remainder when 1/(99/49 - 2) is divided by a.
9
Let w = 73 - 11. Suppose -173*v = -167*v - 102. Calculate the remainder when w is divided by v.
11
Let f(q) = 21*q + 7. Let s be f(-5). Let g = -56 - s. Calculate the remainder when g is divided by (-85)/(-8) + (-21)/(-56).
9
Suppose 2*z + 16 = 2*l + l, -4*z = -2*l + 8. Suppose 40*p = 36*p. Suppose p = -5*x + 4 + l. What is the remainder when 2 is divided by x?
0
Let l = -26 + 26. Suppose -12*k + 8*k - 8 = l. Let o = 8 - k. What is the remainder when o is divided by 5?
0
Let a = 1313 - 1133. Calculate the remainder when a is divided by 24.
12
Let h = 167 + -162. Calculate the remainder when 84 is divided by h.
4
Suppose -5 = b - 0*b. Let r(z) = -22*z - 13. What is the remainder when r(b) is divided by 49?
48
Let v(z) be the second derivative of z**5/20 + 7*z**4/12 - z**3/2 - 4*z**2 - 6*z. What is the remainder when v(-7) is divided by (12/(-4) + 9)/2?
1
Suppose -g + 166 = 4*v + v, 0 = v + 3*g - 22. Let c = v - 21. What is the remainder when 51 is divided by c?
12
Let l be (-7)/(14/8)*-1*1. Let v(a) = 6*a + 8. Let o(h) = -11*h**3 - h**2 + 1. What is the remainder when v(l) is divided by o(-1)?
10
Let q = -8 - 5. Let k(o) = -o**2 - 12*o + 7. Let n be k(q). What is the remainder when 45 is divided by ((-6)/(-5))/(n/(-80))?
13
What is the remainder when 22 is divided by (16/28)/((5 + -3)/28)?
6
Suppose -3 = r - 2*r. Let q(g) = -g - 1. Calculate the remainder when (-350)/(-21) - (-4)/r is divided by q(-8).
4
Suppose 9*p - 5*p - k - 46 = 0, -5*k - 54 = -4*p. What is the remainder when 62 is divided by p?
7
Let j = 16 - 32. Let i be j/6*3/(-4). Suppose 206 - 34 = i*t. What is the remainder when t is divided by 29?
28
Let g = -239 - -339. Calculate the remainder when g is divided by 53.
47
Suppose -4*k = -20, 0 = -5*h - 2*k - 2*k + 40. What is the remainder when 46 is divided by h?
2
Let k(d) = -6*d**3 + 3*d**2 + 5*d + 6. Calculate the remainder when k(-3) is divided by 9.
0
Let o = 2134 + -1801. What is the remainder when o is divided by 58?
43
Suppose -121 = -5*w - 4*t, 2*w + 2*t = 5*t + 53. Let d(q) = q**2 + 13*q + 8. Let x be d(-12). Calculate the remainder when w is divided by 9 + (-4 - (x - -2)).
4
Let o = 953 + -895. What is the remainder when 101 is divided by o?
43
Suppose -3*x + 4*q + 838 = 0, -5*x = -3*x - 5*q - 547. What is the remainder when x is divided by 7?
6
Suppose -3*l + 466 = -11. Suppose 3*j = 4*y - 95, 0 = -2*y - 4*j + 835 - 793. Calculate the remainder when l is divided by y.
21
Let i = 8 + -7. Suppose -c + 3*n + 11 = -3*c, -3*c + 5*n + 31 = 0. What is the remainder when c is divided by i?
0
Let d = -255 + 269. What is the remainder when 137 is divided by d?
11
Suppose -8*n + 6*n + 5*a = -118, 78 = 2*n + 5*a. What is the remainder when 120 is divided by n?
22
What is the remainder when (12/(-10))/(1/(620/(-12))) is divided by 15?
2
Let a(f) = f**3 + 21*f**2 - 44*f + 64. Calculate the remainder when a(-23) is divided by 8.
2
Let y = 28 + -27. Let n be (6/2)/(2 - y). Suppose -a - v + n*v = -24, 5*v = 2*a - 53. Calculate the remainder when 25 is divided by a.
11
Let q = -752 - -1085. Calculate the remainder when q is divided by 14.
11
Let b = -554 + 565. What is the remainder when -1 + (-148)/(-2) - -2 is divided by b?
9
Suppose v = -4*v - 20, 2*k + 30 = -3*v. Let u(z) = -z**2 - z + 4 - 7*z - 2*z - 2. What is the remainder when 32 is divided by u(k)?
10
Suppose 306 = 4*s + u, 2 = 4*u - 3*u. Let d(q) = 0 - 4 - 3*q + 11*q. Calculate the remainder when s is divided by d(3).
16
Calculate the remainder when 644 is divided by -10*(-9)/450*645.
128
Suppose -k - 24 = -2*k. Suppose -24 - k = -2*f. Suppose 39*q - 292 = -19. What is the remainder when f is divided by q?
3
Calculate the remainder when 126 is divided by (-6)/99 + (-10220)/(-924).
5
Suppose 4*k - 330 = k. Suppose 103 = 4*r - 9. Calculate the remainder when k is divided by r.
26
Suppose -31*p + 650 = -1830. What is the remainder when p is divided by 22?
14
Let w(c) = 2*c**3 - 10*c**2 - 3*c - 13. What is the remainder when w(6) is divided by 41?
0
Suppose -2*y - 186 = -m - y, 5*y - 379 = -2*m. What is the remainder when m is divided by 68?
51
Suppose 3*s - 4*s + 45 = -q, -3*s - 3*q = -111. Suppose 3*y - 3*b = -2*b + 69, 2*y = -b + s. Calculate the remainder when y is divided by 8.
6
Suppose 0 = 6*a - 256 - 2. What is the remainder when a is divided by 5?
3
Let k(o) = -o**3 + 8*o**2 + 5*o + 12. Let j be k(9). Calculate the remainder when 0 + j/8 - 337*-1 is divided by 56.
54
Suppose 5*n - 155 = 3*a, 0 = 3*n - n - 5*a - 81. Let b = n + -19. Suppose -z - z + 8 = 0. What is the remainder when b is divided by z?
1
Suppose 14*a = 15*a + 7. Let z(t) = -3*t - 10. Calculate the remainder when 32 is divided by z(a).
10
Calculate the remainder when 6 + 49 - 12/(-3) is divided by 24.
11
Let d be (-520)/(-3) + (4/(-3) - -2). Suppose 6*u = -0*u + d. Calculate the remainder when u is divided by 8.
5
Let j(w) = w**2 - 26*w + 33. Let t be j(25). Suppose -t*f - 5*i = -3*f - 85, -f + 11 = 4*i. What is the remainder when 50 is divided by f?
12
Let u(h) = 9*h + 3. Let n be u(3). Suppose n = -k + 4*k. Calculate the remainder when 39 is divided by k.
9
Suppose -9*n + 5*n = 40. Let j = 13 + n. Suppose 56 = 2*i - j*s + 24, 16 = 4*s. What is the remainder when 65 is divided by i?
21
Let c = 251 - 133. Suppose 4*r + 9 = -7, -3*h - 3*r + 33 = 0. Calculate the remainder when c is divided by h.
13
Let w(d) = -d**2 + 7*d + 31. What is the remainder when 86 is divided by w(7)?
24
Suppose 136 = 4*p - 8*p. Let m = 111 + p. Calculate the remainder when m is divided by 40.
37
Let j(z) = z**3 - 15*z**2 - 30*z - 5. What is the remainder when 249 is divided by j(17)?
60
Let i(m) = 2*m**2 - m + 1. Let j be i(1). Suppose -4*h - 105 = k, j*h + 3*h + 125 = 5*k. Let d = h - -36. Calculate the remainder when 39 is divided by d.
9
Suppose -h - 91*f + 3 = -87*f, 3*h + 2*f - 39 = 0. Calculate the remainder when 268 is divided by h.
13
Suppose 19 = -t + 3. Let i = 31 + t. Suppose 9*d - i = 6*d. What is the remainder when 14 is divided by d?
4
Suppose -5*w = 4*f - 28, 0 = w - 4*w + 3*f + 6. What is the remainder when -1 - 70/(-56) - 261/(-12) is divided by w?
2
Let r(p) = -p + 216. Calculate the remainder when r(6) is divided by 104.
2
Let g(d) be the third derivative of d**5/60 + 7*d**4/24 + 5*d**3/2 + 23*d**2. Calculate the remainder when (18/(-4))/(6/(-88)) is divided by g(-8).
20
Let t(x) = 106*x**3 + 8*x**2 - 9*x + 3. Calculate the remainder when 1077 is divided by t(1).
105
Suppose 14*o = 13*o + 5*c + 70, 2 = c. Suppose a - 10 = 2*y, 8*a = 3*a + 3*y + 64. What is the remainder when o is divided by a?
10
Let u(l) = l + 17. Let i = 10 + -6. Suppose -i*v + 0*v = -128. Calculate the remainder when v is divided by u(0).
15
Suppose -9*c = 5*c + 2562. Let z = c - -265. Calculate the remainder when z is divided by 29.
24
Suppose 4*d + 4*w = 44, 2*w = -8*d + 3*d + 43. What is the remainder when 136 is divided by d?
3
Suppose -4*q - q = -10. Suppose 2*l - q = 6. Suppose 0 = -p - l*p + 390. Calculate the remainder when p is divided by 20.
18
Let z(c) = 4*c**2 - 3*c - 17. Suppose -k - 2*k = -15. Suppose -30 = -2*s - 3*w, 82 = k*s + 3*w + w. What is the remainder when s is divided by z(3)?
8
Let j(w) = -w**2 + 6*w + 9. Let t be j(7). Let m be (-1)/t*(-6 + 6). Let d(c) = c**3 - c**2 + c + 4. What is the remainder when 15 is divided by d(m)?
3
Let s(c) = 